3 + 2*x**2 + 2*x - 5. Let r(j) = 2*g(j) - 9*h(j). Give r(-4).
5
Let h(s) = -1 + 0 - s**3 - 3 - 3*s**2. Suppose 4 = -3*c - 5. Calculate h(c).
-4
Let p(b) = -2*b - 5. Let g = 14 - 18. Give p(g).
3
Let u(j) = -j**3 + 6*j**2 - 4*j + 1. Suppose 18 = 19*c - 16*c. What is u(c)?
-23
Let q = -107 - -98. Let b(t) = 3*t**2 + 9. Let k(v) = -22 + 7 - 4 - 7*v**2 - v. Let p(d) = q*b(d) - 4*k(d). Determine p(-4).
-5
Let a(t) be the second derivative of -t**5/20 - t**4/12 + 5*t**3/6 + 3*t**2/2 - 48*t. Calculate a(-3).
6
Let f(p) = -p**2 - 7*p - 7. Let t be 163/(-5) + (-6)/15. Let h = -21 - t. Suppose 9*i = 7*i - h. What is f(i)?
-1
Let a = -1 - -1. Let p(d) = -d + 3. Let u be p(a). Suppose 4*j = 7 - u, -5*j - 7 = -3*h. Let v(t) = t - 3. Give v(h).
1
Let w(v) = 57 - v + 3*v + 54 - 109. Calculate w(-3).
-4
Suppose -4*g + 2*g = 6. Let u(x) = x**3 + x**2 - x + 4. Determine u(g).
-11
Let y(k) = -k**2 - 6*k + 6. Let n(c) = -c**2 - 10*c - 7. Let d be n(-5). Suppose -13*p - d = -10*p. Determine y(p).
6
Let j(p) = -p**3 + 4*p**2 + 5*p + 3. Let x = 65 - 60. What is j(x)?
3
Let k(g) be the third derivative of 0 + 1/2*g**3 - 4*g**2 - 1/24*g**4 + 0*g. What is k(-6)?
9
Let s(c) be the first derivative of 2*c**3/3 - 5*c**2/2 + 2*c - 1. Calculate s(3).
5
Suppose -l = -4*k - k, 0 = 5*l + 2*k. Let t(o) = o**3 + o**2 - o + 5. Give t(l).
5
Let h be (2 + -5)/(3/(-4)). Let n(y) = -1 - 3*y**2 - 1 - y**3 - h*y + 2*y. Suppose 2*l = 5*f - 3*l, 3 = 2*f - 3*l. What is n(f)?
4
Suppose 3*k + 2*j + 0*j = -25, 0 = 2*k + 4*j + 30. Let i(n) be the second derivative of -n**5/20 - n**4/3 + 2*n**3/3 - 3*n**2 + 2*n. What is i(k)?
-1
Suppose 6*g - 14 = 4*g. Let t(n) = -g*n - 4 - n + 6*n + 0*n. Let k(d) = -d**2 + 1. Let r be k(2). Calculate t(r).
2
Suppose 2*y = -d - 8 + 3, -4*d = 3*y. Let s(z) = z**2 + 2*z - 1. Let x(l) = -2*l**2 - 3*l + 1. Let b(i) = y*x(i) - 7*s(i). Determine b(2).
3
Suppose 0 = -2*k + k - 4*f - 6, 0 = 3*k - 5*f - 50. Let u = k - 13. Let y(c) = -3 - 5*c + 4*c + 3*c. Calculate y(u).
-9
Let j = 42 - 36. Let w(f) = -f**2 + 6*f + 2. What is w(j)?
2
Let r be 64/(-10) - (-2)/5. Let p = r + 14. Suppose 3*u = 2*w - 0*u - p, -3*u - 2 = -5*w. Let b(q) = -q**3 - 4*q**2. Give b(w).
-8
Let d(c) = 2*c - 3. Let g be d(4). Let y(j) = j**3 + 2*j**2 - 13*j - 4. Let o(w) = 3*w**3 + 5*w**2 - 38*w - 11. Let l(t) = -6*o(t) + 17*y(t). Determine l(g).
8
Let h = -3 - -9. Let r = 11 - h. Let x(j) = -j**2 + 4*j - 4. Calculate x(r).
-9
Let l(v) = 14*v**2 - 4*v**2 - 1 - 11*v - 7*v**2 + v**3. Let u be l(-5). Let p(c) = -c**2 + 5*c + 1. Calculate p(u).
5
Let i(y) = y**2 - 5*y - 3. Let a(b) = 2*b**2 - 4*b - 2. Let f be a(3). Determine i(f).
-7
Let l(r) = r**2 + 6*r - 5. Let x be l(-7). Let i(h) = -11 + 4*h - h - x*h. Suppose -2*n + 9 = -1. Calculate i(n).
-6
Let g(n) be the second derivative of n**5/20 + n**4/4 - n**2/2 + 5*n. Let q = 5 + -1. Suppose -q*l + 5*m = -11, m - 1 = 4*l - 0*l. Calculate g(l).
1
Suppose -8*b + 3*b = 25. Let c(m) = -m**3 - 4*m**2 + 4*m - 5. Give c(b).
0
Let t(q) = -6*q - 2. Let z(i) be the first derivative of -i**2/2 - 1. Let x(m) = -t(m) + 5*z(m). Calculate x(6).
8
Let i = -8 - -5. Let u(c) = c**3 + 4*c**2 + 3*c + 1. Determine u(i).
1
Let l(z) be the first derivative of -z**3/3 + 2*z**2 - 2*z + 33. What is l(2)?
2
Let d = 155 + -155. Let h(a) = a + 5. Give h(d).
5
Let v be (-4)/6 + (-10)/(-6). Let y be v/(-3 + 24/9). Let f(d) = d**2 + 2*d - 1. What is f(y)?
2
Let u be 1*(-2 + 3)*-1. Let j(v) = -v**2 - 11. Let b(w) = -5. Let p(g) = 9*b(g) - 4*j(g). Let h(s) be the first derivative of p(s). Give h(u).
-8
Let f(z) = z**3 + 2*z**2 - 5*z + 3. Suppose 0 = -5*s - 0*s + 80. Suppose 0 = -4*y - s - 0. Give f(y).
-9
Let u(x) = -2*x + 6. Let w(l) = 2*l - 5. Let o(b) = -3*u(b) - 4*w(b). Calculate o(-2).
6
Let g(b) = 9*b. Suppose 0*y = -5*y - 5. What is g(y)?
-9
Let k(h) = 2*h. Let r(o) = -o**3 + 8*o**2 + 9*o + 2. Let z be r(9). Let u = 3 - 0. Let a be z - u*(-2)/(-6). Calculate k(a).
2
Let z(p) = -p - 3. Let h(t) = -4*t - 13. Let o(b) = -2*h(b) + 9*z(b). What is o(-3)?
2
Suppose 8*u - 15 = 3*u - 2*d, 4*d = 0. Suppose -23 + u = -5*v. Let l(i) = i**3 - 4*i**2 + 5*i - 6. Calculate l(v).
14
Suppose 9*s = 4*s - 30. Let d(j) be the first derivative of j**4/4 + 2*j**3 + j**2/2 + 4*j + 4. Give d(s).
-2
Let p(j) = -2*j. Let a = -15 - -16. Determine p(a).
-2
Let r(c) = 2*c**2 - 7*c - 12. Let y(x) = x**2 - 4*x - 6. Let d(l) = -4*r(l) + 9*y(l). Calculate d(7).
-13
Let f(q) be the third derivative of -q**5/120 + q**3/3 + 5*q**2. Let p(y) be the first derivative of f(y). Let a = 2 + -4. Give p(a).
2
Let i(d) = 3*d**3 + 32*d**2 - 2*d - 7. Let w(g) = g**3 + 11*g**2 - g - 2. Let c(m) = 4*i(m) - 11*w(m). Give c(-6).
12
Suppose z - 5*z = 0. Let s(b) be the first derivative of -b**4/4 - b**3/3 + b**2/2 - 5*b - 2. Give s(z).
-5
Let u be -2 + 3 + 3 - -1. Let s(f) = u*f**2 - 1 - 5*f**2 - 3*f**2 + 4*f**2. Let t = 2 - 4. Calculate s(t).
3
Let t(d) = d + 1. Suppose -v - 4*c + 18 = -2*v, -5*c = -3*v - 26. Determine t(v).
-1
Let m(u) = u + 1. Let t(k) = k + 1. Let r(h) = 6*m(h) - 5*t(h). What is r(4)?
5
Let n(j) = -2*j**3 - 21*j**2 + 25*j + 21. Let z(d) = -4*d + 10*d**2 + d**3 - 6*d - 10 - 2*d. Let f(b) = -6*n(b) - 13*z(b). Determine f(-5).
-1
Suppose 2*k - 8 = -2*s - 2*s, 0 = 2*k + 3*s - 9. Let p(q) = -13*q + 21. Let a(j) = 3*j - 5. Let c(t) = 9*a(t) + 2*p(t). Calculate c(k).
3
Let w(b) be the second derivative of -b**6/720 - b**5/120 - 2*b**4/3 - 8*b. Let k(j) be the third derivative of w(j). What is k(-4)?
3
Let u(q) = -q**3 + 6*q**2 + 7. Let m be u(6). Let h(f) = -m*f - 5 - 2 + 9*f. What is h(6)?
5
Let y be (-1 - 1/(-1))/(-2). Suppose -5*l + 6 - 1 = y. Let r(p) = -6*p + 1. Give r(l).
-5
Let j(o) = 11*o**2 + o + 18. Let h(k) = -4*k**2 - 6. Let a(z) = 8*h(z) + 3*j(z). Give a(-4).
10
Let s(v) = -v**3 - 3*v**2 + v + 3. Let u = -6 - -10. Suppose -u*j + 0 - 16 = -k, -4*k + j = -4. Let t(i) = i**2 + i - 3. Let a be t(k). Calculate s(a).
0
Let p be ((-3)/5 + 77/55)*5. Let i(o) be the first derivative of -o**4/4 + 2*o**3/3 + 3*o**2 - 5*o + 2. Calculate i(p).
-13
Suppose 0 = -5*u + 9 + 6. Suppose -3*o - 1 + 7 = 0. Let p(a) = -1 - o + 4*a**2 - a**3 - 1. What is p(u)?
5
Let n(q) = -q + 0 + 14*q + 3 - 2. Determine n(-1).
-12
Let b be ((-35)/(-21))/((-2)/(-6)). Let u(n) be the second derivative of 0 - 1/3*n**4 + 1/20*n**5 + 0*n**2 - n - n**3. Determine u(b).
-5
Let d be (-75)/9 + 2/6. Let v = 5 + d. Let s(j) = j**3 + 4*j**2 + 3*j + 4. Determine s(v).
4
Suppose 6 = -q - 0. Let o be (q/(-3) - 3)*3. Let z(h) be the first derivative of h**3/3 + h**2 - 4*h + 1. Determine z(o).
-1
Let a(b) = b**3 + 3*b**2 - b - 1. Let k be a(-3). Let q(w) = -w**3 + w**2 + w - 1. Let m(i) = 2*i**3 - i**2. Let r(g) = m(g) + 3*q(g). Determine r(k).
3
Let i(s) = -2*s + 3. Let d(c) = c + 9. Let h be d(-6). Determine i(h).
-3
Suppose -3 - 6 = -3*g. Suppose -2*m = g - 9. Suppose 5*a = 3*v + 11, 5*a - v + 2*v = m. Let f(p) = -2*p**3 - p**2 - p + 1. Give f(a).
-3
Let i(n) = 3*n**2 - 4. Let h(j) = -2*j**2 - j + 3. Let t(z) = 4*h(z) + 3*i(z). Let c be 0 + 0 - -3 - 2. Suppose -5*g + 19 = -c. Calculate t(g).
0
Let c(p) = 3*p - 2. Suppose 0 = 4*d - 8*d. Let v(w) = w + 2. Let n be v(0). Suppose d*j = -j + n. Determine c(j).
4
Let t(u) = -7 + 8 - 5*u**2 + 5*u**2 - 2*u**3. Determine t(1).
-1
Let y(u) = -u**2 + 5*u - 3. Suppose 2*v = -3*v + 30. Determine y(v).
-9
Let q(w) = -w**3 - 4*w**2 + 5*w - 6. Let c be q(-5). Let u(z) = 3*z + 1. Determine u(c).
-17
Suppose -t = u + 3 + 1, -u = 3*t + 18. Let r = -4 - t. Let k(y) = y**3 - 2*y**2 - y. What is k(r)?
6
Let n(f) = f + 9 + 5*f + f - 11*f. Give n(7).
-19
Let y(t) = -3*t - t**2 - t - 2 + 3*t. Calculate y(0).
-2
Let j(d) = -d**3 + d**2 - d + 1. Let t(o) = o**3 - 6*o**2 - o + 1. Let a(f) = -2*j(f) - t(f). Determine a(-3).
-3
Let o(d) = d**3 + 6*d**2 + 7*d + 6. Suppose -35 = -s - 8. Let z be (s/6 - 2)*-2. Calculate o(z).
-4
Let l = -9 - 1. Let b = -4 - l. Suppose -b = -3*k, -n = k + 4*k - 5. Let i(p) = p**3 + 6*p**2 + 5*p + 1. Give i(n).
1
Let x(b) be the second derivative of -b**3/3 - 6*b**2 + 15*b. What is x(-8)?
4
Let i(g) = -g**2 + 3 - 5 - 4*g + 0 - g**2. Calculate i(-2).
-2
Let q(j) = -4*j**2 + 4*j - 3. Let v = 14 + -12. Give q(v).
-11
Let o be (-2 - 1*-16) + -2. Suppose -4*q = -q - o. Suppose -2*i + q*i + 8 = 0. Let l(j)